50. What is the tens digit of g?
8
Let z(s) = -9*s**2 - 2*s - 1. Let t be z(-1). Let m = t + 7. What is the tens digit of m*1 - (5 + -30)?
2
What is the units digit of (-3 - -1)/(-3*4/2892)?
2
Suppose -4*q + 15 = 3*z - 2*z, -3*z - 3 = -4*q. Suppose 0 = -2*a + q*a - 117. What is the tens digit of a?
1
Let w(p) = 2*p + 9. Let v be w(-9). Let i = v - 8. Let a = -15 - i. What is the units digit of a?
2
Let t = -207 - -541. What is the units digit of t?
4
Suppose 15*a = 8326 - 1051. Let i = a - 246. What is the hundreds digit of i?
2
Suppose d - 6*d = -90. Suppose 12 + d = 2*a. What is the units digit of a?
5
Let h(p) = -p**3 - 7*p**2 + 7*p - 6. Let q be h(-8). Suppose -5*s + 90 = -q*i, -3*s - 4 = 2. What is the tens digit of 40/i + 339/5?
6
Suppose -368 = -22*i + 18*i. Suppose -3*n + 4*q = -n - i, 2*q - 154 = -3*n. What is the units digit of n?
0
Suppose 2*b - 233 - 117 = 0. Suppose 5*u = -3*r + 143, -5*u + b = -5*r - 0*r. What is the tens digit of u?
3
Suppose 4*z = -0*q - 4*q + 56, -z = 4. Let u = 24 + -17. Let m = q + u. What is the units digit of m?
5
Let v = 22 - 27. What is the tens digit of (-3 - v/(-5))/(2/(-26))?
5
What is the units digit of (-3)/((-1)/284 - 0)?
2
Suppose -3*y + 13 = 4. Suppose 943 - 268 = 4*k + y*a, -a + 673 = 4*k. What is the hundreds digit of k?
1
Suppose 5*d - 3982 = -4*m, 2*d - 1585 = -9*m + 10*m. What is the hundreds digit of d?
7
Suppose 4*n = 11*n - 9387. What is the hundreds digit of n?
3
Suppose -12 = 3*u, -5*a = 4*u - 2*u - 12. Suppose 139 = 5*y - b, -4*y = -3*b + a*b - 104. Suppose 0 = g - y - 9. What is the tens digit of g?
3
Let l be (-3 - (1 + -24)) + -4. Let w be (9/(-12))/((-4)/l). What is the units digit of 15*4/12*w?
5
Let b be 6/(-8) + (-360)/32. Let o(v) = v**3 + 4*v**2 + 3*v - 3. Let w be o(-4). What is the units digit of (w/b)/(3/60)?
5
Suppose 0 = -l - 5, 0 = -3*s + l - 0*l + 1757. What is the tens digit of s?
8
Let u(h) = 5*h**2 - 18*h - 79. What is the hundreds digit of u(-14)?
1
Suppose 0 = -14*k + 1801 + 1433. What is the units digit of k?
1
Let g = 30 - 33. What is the tens digit of (-3 - 0)*-12 + g?
3
Suppose 0 = 1023*l - 998*l - 57600. What is the units digit of l?
4
Let x(k) = 11*k**3 - 19*k**3 + 7*k**3 + 3 + 20*k**2 + 3*k. What is the tens digit of x(20)?
6
Let k = 272 + -438. What is the units digit of (k/(-4) - 4)*(4 + -2)?
5
Let g(n) = -4*n - 54. Let f be g(-17). What is the tens digit of 1*227 + -13 + f?
2
Suppose v - 8 = -2*i - 0*v, -2*i - 4 = 4*v. What is the hundreds digit of ((-326)/i)/((4/(-3))/4)?
1
Suppose 160*k + 4770 = 166*k. What is the units digit of k?
5
Let d be -16*(0 - -1)*-4. Let k be d/20 + (-1)/5. Suppose 2*l + 2*u + 52 = k*l, 5*l - 224 = u. What is the tens digit of l?
4
Suppose t - 5*t = 4, -g - t + 10 = 0. Let b = -2 + g. What is the units digit of (-10 - 0)*(-27)/b?
0
Let a(p) = -3*p - 8. Let f be a(-4). Suppose s + 0*t - 68 = -f*t, -2*t - 218 = -4*s. What is the tens digit of s?
5
Let r be (1 - 2 - -69)*(-1)/(-4). Let c = 71 - r. What is the units digit of c?
4
Suppose -2*t - 963 - 1341 = 0. What is the tens digit of t/(-15) - (-3)/(-30)*-2?
7
Suppose 58*n - 43*n - 7365 = 0. What is the units digit of n?
1
Suppose 2*t = 3*t + 4. Let d(b) = -b**3 - 5*b**2 - 4*b + 3. Let i be d(t). Let c(m) = 2*m - 3. What is the units digit of c(i)?
3
Let b = 4 + -2. Let l(z) = 22*z**2 - 6*z**2 - 3 - 4*z**b - 14*z - 10*z**2. What is the units digit of l(10)?
7
Let f = -650 - -1801. What is the units digit of f?
1
Let w = 3314 - 1347. What is the thousands digit of w?
1
Suppose 5*c - 50 = -5*g, 2*g - c - 6 - 2 = 0. What is the tens digit of 278/g - (-8 + 5)/(-9)?
4
Suppose 0 = -4*s + 20, -757 = -7*i + 5*i - 5*s. What is the hundreds digit of i?
3
Suppose -4*t = i - 3479 - 2130, 2*t = -i + 5605. What is the thousands digit of i?
5
Suppose 47 = -4*b - 13. Let a = 9 - b. What is the tens digit of a?
2
Let c = -772 - -1295. What is the units digit of c?
3
Suppose 4*m - t = 1064, 2*m + 4*t - 188 = 326. What is the units digit of m?
5
Suppose d = 2*i + 806, -4*d - 4*i + 2*i = -3234. What is the units digit of d?
8
Let v(y) = -y**3 - 10*y**2 - 9*y + 6. Let r be v(-9). Let m be r/(-1*(-1)/1). Suppose -m*u + 162 = -0*u. What is the units digit of u?
7
What is the tens digit of 5 + (-19 + 38)*1*23?
4
What is the units digit of (-2938)/(-12) - 4/(-24)?
5
Suppose -205 - 11 = -4*t. Let m = 98 - t. Suppose 0 = 3*y + 2*b - m, -5*b - 43 = -2*y + y. What is the tens digit of y?
1
Let w be 2/(-3) + 26/3. Let j(c) = 3*c**2 - 11*c + 3. Let v(n) = -10*n**2 + 32*n - 11. Let o(u) = -7*j(u) - 2*v(u). What is the tens digit of o(w)?
4
Let j = -9 - -9. Suppose 0 = 3*a - 15, -5*g - 4*a + 7*a - 15 = j. Suppose n - 20 = -g*n. What is the units digit of n?
0
Suppose 0 = 3*h - 3*c - 9, -h = -2*h - 4*c + 3. Suppose -4*j + 3*b = -8, 4 + 7 = j - h*b. Let o(m) = -15*m**3 - m**2 - m. What is the units digit of o(j)?
5
Suppose 78*r + 6356 = 82*r. What is the tens digit of r?
8
Let n = 8 + -5. Suppose -n*r + 2*r + 40 = -c, 2*c - 105 = -3*r. What is the units digit of r?
7
Suppose 0 = 4*z - z - 6. Suppose 2*n + 2*t - 36 = -3*t, -z*n = -4*t. What is the units digit of n?
8
Let h(z) = -6*z**2 - z - 30. Let s = -3 + 8. Let x(w) = -7*w**2 - w - 31. Let b(t) = s*x(t) - 6*h(t). What is the units digit of b(0)?
5
Suppose 8*s = 3*s - 15. Let w be s - (3 + (-3 - 6)). Suppose w*t - 2*t - 40 = 0. What is the tens digit of t?
4
Suppose 0 = -5*k + 4*t + 581, 4*k + 0*t + 2*t - 444 = 0. Suppose 5*o - 1343 + k = -5*m, -5*m + o + 1206 = 0. What is the hundreds digit of m?
2
Suppose 16 = 3*t + 4. Suppose c + t*c = 165. What is the units digit of c?
3
What is the tens digit of ((-12)/10)/((-8)/5360*3)?
6
Suppose 7*u - 15561 = 987. What is the hundreds digit of u?
3
Let b(j) = -j**2 - j - 2. Let r be b(-4). Let f = r + 30. Suppose 2*z - f - 6 = 0. What is the units digit of z?
1
Suppose -4*a - 6 = -5*q, -4*q - 2 = 5*a - 15. Let n be (-1 + a)*1/2. Suppose n*i = i - 49. What is the units digit of i?
9
Let m = -21 - -22. Let y(t) = -6*t**2 - t + 1. Let a be y(m). What is the units digit of (-39)/(-7) - a/14?
6
Let c(w) = w**3 - 17*w**2 + 40*w - 12. What is the hundreds digit of c(20)?
9
Let w(m) = -73*m**3 + 4*m**2 + 8*m + 14. What is the tens digit of w(-2)?
9
Let j(z) = -z**3 - 4*z**2 + 2*z + 12. Suppose 4*a + 2*c = -22, 3*a - 4*c + 5 = -17. What is the tens digit of j(a)?
7
Suppose -5*s = -15, -29*u + 1414 = -25*u - 2*s. What is the units digit of u?
5
Let w be 156/10 + (-3)/5. Let r be (-10)/w*99/(-2). Let v = -5 + r. What is the tens digit of v?
2
Suppose -24 = -4*x - 5*f, -4*x + 24 = -2*f + 3*f. Let n(r) = -4*r - x + 6*r - r. What is the units digit of n(10)?
4
Suppose -2200 = -4*y - 760. What is the units digit of y?
0
Let f(q) be the second derivative of -q**5/20 + q**4/3 - 5*q**3/6 + 2*q**2 + 10*q. Let l be f(2). Suppose -l*p + 73 = -41. What is the units digit of p?
7
Let r(z) be the third derivative of z**4/12 - z**3 + 3*z**2. Let i be r(4). Suppose 4 = h - s - i, s = 4*h - 21. What is the units digit of h?
5
Let k(u) = 6*u**2 - 75*u - 27. What is the units digit of k(19)?
4
Suppose 5*t + 454 - 6384 = 4*s, -s - 5 = 0. Suppose -5*x - 297 = -t. Suppose 2*g - x = -g. What is the units digit of g?
9
Let s(q) = 5*q**2 - 6*q + 1. Let p be s(5). Suppose m - 96 = -2*i - 2*i, 4*i - p = -3*m. Let n = -14 + i. What is the units digit of n?
0
Suppose 4*w + 4 = o + 7, w = 4*o + 12. Let g = o + -5. Let x = 22 + g. What is the tens digit of x?
1
Let k(o) = -o**3 - 17*o**2 - 24*o + 56. What is the hundreds digit of k(-17)?
4
Suppose 0 = 10*y + 17*y - 56862. What is the thousands digit of y?
2
Suppose 2*s - 44 = -2*h, -s + 3*s - 3*h - 49 = 0. What is the units digit of s?
3
Let d(j) = -14*j**2 + 2*j - 5. Let y be d(5). Let g = -193 - y. What is the hundreds digit of g?
1
Let f(y) be the third derivative of -7*y**6/360 - y**5/40 - y**4/6 - y**2. Let q(c) be the second derivative of f(c). What is the units digit of q(-2)?
5
Let f = -5 + 7. What is the units digit of f*3*4/12?
2
Suppose -3*f + 2924 = u, 5*f + 2*u - 2005 - 2870 = 0. What is the tens digit of f?
7
Suppose 10*v = 7453 + 487. What is the units digit of v?
4
Let n = -311 - -357. What is the units digit of n?
6
Let c be ((-3)/(-2) - -3)/((-3)/8). Let d be (-86)/(-10) - (-2)/5. Let x = 